n 65949 is divided by 121.
4
Calculate the remainder when 2710 is divided by 532.
50
What is the remainder when 115054 is divided by 144?
142
What is the remainder when 283189 is divided by 94393?
10
Calculate the remainder when 3804 is divided by 3773.
31
Calculate the remainder when 1883 is divided by 614.
41
Calculate the remainder when 115859 is divided by 178.
159
Calculate the remainder when 207179 is divided by 180.
179
Calculate the remainder when 1893405 is divided by 66.
63
Calculate the remainder when 1330 is divided by 124.
90
What is the remainder when 5964031 is divided by 2213?
2209
Calculate the remainder when 19419 is divided by 26.
23
What is the remainder when 1257 is divided by 338?
243
What is the remainder when 28557 is divided by 9516?
9
Calculate the remainder when 5807 is divided by 5803.
4
Calculate the remainder when 1228 is divided by 29.
10
Calculate the remainder when 7590 is divided by 832.
102
Calculate the remainder when 4533 is divided by 2260.
13
What is the remainder when 418 is divided by 247?
171
What is the remainder when 4418 is divided by 2099?
220
What is the remainder when 10741 is divided by 603?
490
What is the remainder when 3516199 is divided by 19?
2
Calculate the remainder when 1710 is divided by 423.
18
What is the remainder when 2480 is divided by 96?
80
Calculate the remainder when 39468 is divided by 59.
56
What is the remainder when 292569 is divided by 258?
255
What is the remainder when 13968 is divided by 245?
3
What is the remainder when 3071 is divided by 303?
41
What is the remainder when 178370 is divided by 79?
67
Calculate the remainder when 2475 is divided by 1223.
29
What is the remainder when 20965 is divided by 10358?
249
What is the remainder when 9817 is divided by 805?
157
Calculate the remainder when 89819 is divided by 33.
26
What is the remainder when 3485 is divided by 257?
144
What is the remainder when 9585 is divided by 203?
44
Calculate the remainder when 5515 is divided by 50.
15
Calculate the remainder when 41822 is divided by 1506.
1160
What is the remainder when 40649 is divided by 20288?
73
What is the remainder when 106701 is divided by 35563?
12
Calculate the remainder when 1943 is divided by 778.
387
Calculate the remainder when 545425 is divided by 34.
31
Calculate the remainder when 13744 is divided by 83.
49
What is the remainder when 125713 is divided by 106?
103
What is the remainder when 20941 is divided by 10328?
285
What is the remainder when 602 is divided by 54?
8
What is the remainder when 1457124 is divided by 25?
24
Calculate the remainder when 157063 is divided by 58.
57
Calculate the remainder when 4819 is divided by 74.
9
What is the remainder when 1698 is divided by 117?
60
What is the remainder when 88496 is divided by 922?
906
Calculate the remainder when 8043 is divided by 52.
35
Calculate the remainder when 5641 is divided by 128.
9
What is the remainder when 3248 is divided by 469?
434
Calculate the remainder when 216408 is divided by 34.
32
What is the remainder when 131574 is divided by 1154?
18
What is the remainder when 46246 is divided by 746?
740
What is the remainder when 11161 is divided by 97?
6
Calculate the remainder when 675897 is divided by 225.
222
Calculate the remainder when 71829 is divided by 110.
109
What is the remainder when 1764509 is divided by 15?
14
Calculate the remainder when 8779 is divided by 16.
11
What is the remainder when 29582 is divided by 16?
14
Calculate the remainder when 94148 is divided by 544.
36
What is the remainder when 8051 is divided by 37?
22
Calculate the remainder when 2660 is divided by 662.
12
Calculate the remainder when 422489 is divided by 44.
1
What is the remainder when 19870 is divided by 6619?
13
Calculate the remainder when 1200 is divided by 3.
0
Calculate the remainder when 15516 is divided by 2582.
24
Calculate the remainder when 1301 is divided by 235.
126
What is the remainder when 2722 is divided by 143?
5
What is the remainder when 805067 is divided by 18?
17
Calculate the remainder when 1096 is divided by 68.
8
Calculate the remainder when 1839 is divided by 317.
254
Calculate the remainder when 26849 is divided by 85.
74
Calculate the remainder when 3068475 is divided by 21.
18
Calculate the remainder when 17028 is divided by 193.
44
What is the remainder when 26233 is divided by 209?
108
What is the remainder when 3032 is divided by 442?
380
What is the remainder when 811635 is divided by 247?
240
What is the remainder when 789 is divided by 27?
6
What is the remainder when 10080 is divided by 1677?
18
What is the remainder when 23732 is divided by 23721?
11
Calculate the remainder when 302185 is divided by 105.
100
What is the remainder when 46815 is divided by 18?
15
What is the remainder when 9235 is divided by 2696?
1147
Calculate the remainder when 3364 is divided by 310.
264
Calculate the remainder when 139235 is divided by 12.
11
What is the remainder when 7512 is divided by 259?
1
What is the remainder when 214707 is divided by 352?
339
What is the remainder when 3460 is divided by 1130?
70
Calculate the remainder when 555353 is divided by 390.
383
Calculate the remainder when 478282 is divided by 321.
313
Calculate the remainder when 110255 is divided by 36750.
5
Calculate the remainder when 569 is divided by 222.
125
What is the remainder when 3882 is divided by 773?
17
Calculate the remainder when 15493 is divided by 468.
49
What is the remainder when 40135 is divided by 368?
23
Calculate the remainder when 1318 is divided by 42.
16
What is the remainder when 1086 is divided by 121?
118
Calculate the remainder when 37515 is divided by 2684.
2623
Calculate the remainder when 1670373 is divided by 415.
413
Calculate the remainder when 38675 is divided by 466.
463
Calculate the remainder when 408 is divided by 187.
34
Calculate the remainder when 32362 is divided by 75.
37
What is the remainder when 259211 is divided by 129592?
27
What is the remainder when 2001 is divided by 1998?
3
Calculate the remainder when 1481373 is divided by 48.
45
Calculate the remainder when 191606 is divided by 871.
857
Calculate the remainder when 10388 is divided by 273.
14
Calculate the remainder when 828 is divided by 355.
118
What is the remainder when 30917 is divided by 8?
5
Calculate the remainder when 53095 is divided by 1365.
1225
Calculate the remainder when 179077 is divided by 37.
34
Calculate the remainder when 120619 is divided by 20.
19
What is the remainder when 57673 is divided by 276?
265
Calculate the remainder when 2607 is divided by 239.
217
What is the remainder when 14440 is divided by 2062?
6
What is the remainder when 23541 is divided by 50?
41
Calculate the remainder when 7807 is divided by 28.
23
Calculate the remainder when 69743 is divided by 34797.
149
Calculate the remainder when 66177 is divided by 66165.
12
What is the remainder when 4594 is divided by 261?
157
Calculate the remainder when 683053 is divided by 387.
385
What is the remainder when 6419 is divided by 1161?
614
What is the remainder when 4383 is divided by 563?
442
What is the remainder when 40204 is divided by 163?
106
What is the remainder when 3896 is divided by 1864?
168
Calculate the remainder when 31538 is divided by 47.
1
Calculate the remainder when 422 is divided by 266.
156
What is the remainder when 32251 is divided by 72?
67
Calculate the remainder when 723 is divided by 76.
39
What is the remainder when 226152 is divided by 110?
102
What is the remainder when 17307 is divided by 508?
35
Calculate the remainder when 120870 is divided by 363.
354
What is the remainder when 12499 is divided by 1973?
661
What is the remainder when 157 is divided by 104?
53
Calculate the remainder when 9646 is divided by 1124.
654
What is the remainder when 6138 is divided by 3054?
30
What is the remainder when 12231 is divided by 490?
471
What is the remainder when 6555 is divided by 3273?
9
Calculate the remainder when 138204 is divided by 112.
108
Calculate the remainder when 20303 is divided by 69.
17
What is the remainder when 20513 is divided by 2320?
1953
What is the remainder when 62501 is divided by 6?
5
What is the remainder when 18187 is divided by 1212?
7
Calculate the remainder 